mon factor of f and v.
17
Let j(q) = 56*q + 242. Let u(i) = 51*i + 241. Let h(k) = -6*j(k) + 7*u(k). Let b be h(-7). What is the highest common divisor of b and 143?
11
Let m(k) = 6*k**2 + 10*k + 24. Let n be m(-4). Suppose 5*t = n + 140. Let r be (-1)/(-2) + (-14)/(-4). Calculate the highest common divisor of t and r.
4
Let d be 57/(-6 + 100/16). Suppose 5*z = o + 243, -8*z + 3*z - 4*o = -d. What is the greatest common divisor of 64 and z?
16
Suppose -84*o - 187 = -101*o. What is the greatest common factor of 979 and o?
11
Suppose -4*y = i + 925 - 988, 4*y - 108 = -4*i. Let a = -28 - 44. Let w be ((-10)/(-8))/((-2)/a). Calculate the greatest common factor of i and w.
15
Let g be 107 + 3*(-9)/9. Let d(b) = -96*b + 128. Let l be d(-16). What is the greatest common factor of g and l?
104
Let z(q) = -266*q + 24. Let v be z(10). Let f be 6/15 - v/10. Suppose -21*s + 24*s = f. Calculate the highest common divisor of 11 and s.
11
Suppose 7962 - 7537 = q. What is the highest common factor of 170 and q?
85
Let p(v) = -v**2 + v - 9. Let d be p(-8). Let c = -57 - d. Let t(w) = 5*w**2 - 72*w - 92. Let s be t(16). What is the greatest common divisor of s and c?
12
Let q = 15 - -10. Let y = -2516 - -2517. What is the highest common divisor of q and y?
1
Suppose -16*g - 91 = -3*g. Let a be (-8)/((-16)/g)*-36. Let b = 11 + 7. Calculate the highest common factor of a and b.
18
Suppose 14*t = 12*t - 266. Let l = -61 - t. Suppose 0 = 4*m + 2*z - 44, -2*m = -2*z - 7 - 3. Calculate the highest common divisor of m and l.
9
Suppose o + 4*o - 12 = a, 0 = -5*o + 4*a + 3. Suppose 3*b = o*j - 27, 9 + 25 = 4*j - 3*b. Suppose 5*c = 3*c + 112. What is the highest common factor of j and c?
7
Suppose 175*b - 59871 = -18746. Calculate the greatest common divisor of b and 10669.
47
Suppose 45*l - 10598 = -1823. What is the greatest common divisor of l and 4680?
195
Suppose 12*d - 37 - 59 = 0. Suppose d*y = -12*y + 2160. Let m be ((-18)/(-1))/((-6)/(-4)). What is the highest common divisor of y and m?
12
Let l(k) be the first derivative of k**3 + 5*k**2/2 - 62*k + 59. Let q be l(7). Calculate the highest common factor of q and 15.
15
Suppose -77*y + 72*y - 20 = 0. Let k(f) = f**3 + 4*f**2 + 2*f + 13. Let n be k(y). Let d be 6 + 11 + (4 - n). What is the greatest common divisor of 12 and d?
4
Let u(c) = -c**2 + 7*c + 3. Let z(d) = -d**2 + 7*d + 1. Let r(m) = -6*u(m) + 7*z(m). Let s be r(3). Calculate the highest common factor of s and 2.
1
Let n be 3 - (2 - 0 - 103). Suppose -t = -5*p + 63, 3*p - t - 31 - 6 = 0. What is the greatest common factor of p and n?
13
Let w be (3672/765)/((-16)/10 + 2). Let b(f) = 14*f + 10. Let c be b(4). Calculate the highest common factor of c and w.
6
Suppose 198*d = 145*d + 268 + 50. Calculate the greatest common factor of 138 and d.
6
Let r be 127038/217 - (20/14 - 1). Suppose -15*v + r = -2*v. What is the greatest common factor of v and 375?
15
Let m(b) = -2*b**3 - 9*b**2 - b + 22. Let v be m(-9). Let u = v - 500. Calculate the highest common factor of 52 and u.
52
Let z = 1506 + -1202. Calculate the greatest common divisor of z and 836.
76
Let y(h) = 80*h**2 - 251*h + 6413. Let s be y(24). Calculate the greatest common divisor of 31 and s.
31
Suppose 0 = 5*j + 10, -9*b + 13*b = 3*j + 70. Calculate the greatest common divisor of 5072 and b.
16
Let x(b) = b**2 + 69*b + 4320. Let a be x(-59). What is the greatest common divisor of 40 and a?
10
Let s be ((-15)/(-4))/(1/28). Let d be 2/6 - (-79)/((-10665)/(-900)). What is the highest common factor of s and d?
7
Let c = -65 + 670. Let y(l) = -143*l + 2772. Let q be y(19). What is the greatest common factor of q and c?
55
Suppose 3*f = -5*v + 725, f - 225 = 25*v - 30*v. What is the highest common factor of 8 and f?
2
Suppose -2*p = -4*h - 790, -5*p + 1515 = -p + 5*h. Suppose 43*r = 50*r - p. What is the greatest common divisor of r and 44?
11
Let k(y) = -y**3 - 14*y**2 - 15*y + 6. Let r be k(-13). Let m be 2/2 - (6 + -6). Let f = 49 - m. Calculate the highest common factor of f and r.
16
Let l = 1015 + 277. Calculate the highest common factor of l and 136.
68
Suppose 3*b - 2*s - 186 = 0, 41 = -3*b + 3*s + 230. Suppose 0 = -164*a + 41*a + 10644 + 11496. Calculate the greatest common factor of b and a.
60
Let v be (36/(-7))/(28/(-294)). Let g = v - 31. Suppose 0*r = -4*r + 460. Calculate the highest common divisor of r and g.
23
Suppose -4*i + 364 = -p, 4*i - 3*p - 212 - 160 = 0. Suppose -2*l = 5 + 13. Let g(r) = -4*r. Let f be g(l). Calculate the greatest common factor of i and f.
18
Let z be 18 - (-12)/((-156)/(-54197)). Calculate the highest common factor of z and 158.
79
Suppose 11*b = 11*b - 17*b. Suppose -22*y - 27 + 973 = b. Suppose -3*z + 323 = 65. What is the highest common factor of z and y?
43
Suppose -20*w + 6344 = -12016. Let l = w + -843. Calculate the greatest common factor of l and 150.
75
Suppose -2*a = 5*j + 3, 4 = 3*a - 3*j - 2. Suppose -2 = -m - a. Let g be -1 + 0 - 12/(-2). Calculate the highest common factor of g and m.
1
Let g = 66516 - 30467. Calculate the greatest common divisor of 13 and g.
13
Let f(v) = 4*v**2 + 94*v + 106. Let k be f(-31). What is the highest common divisor of 98 and k?
14
Let k = 12 + 2. Let j(l) = -2*l**2 + 36*l + 45. Let x be j(19). Suppose 0 = -2*f + x*f - 770. Calculate the greatest common factor of k and f.
14
Let s be (639 - 14/7)/(-1 + -4 + 6). Calculate the highest common factor of 26 and s.
13
Let r(a) = -27*a - 315. Let x be r(-12). What is the highest common divisor of x and 5139?
9
Suppose -r - 1005 = -1099. What is the greatest common factor of 7379 and r?
47
Suppose 18*n - 831 + 182 - 1331 = 0. What is the highest common factor of n and 26290?
110
Suppose 3*i - 4*o = -362, 3*o - 27 + 12 = 0. Let w be 1356/114 + ((-36)/i)/3. Calculate the greatest common factor of w and 12.
12
Let o = 152 - 57. Let u = 88 - o. Let j be 2 - (138/u - (-12)/(-42)). Calculate the greatest common divisor of j and 242.
22
Let f(s) = 2*s**2 - 26*s - 46. Let o be f(19). Suppose -d + o = -42. Calculate the greatest common divisor of d and 64.
32
Let i(t) = -t**2 - 7*t + 12. Let a = -6 + -2. Let f be i(a). Let h(j) = j**2 + 5. Let k be h(f). Calculate the greatest common divisor of 105 and k.
21
Let v = 22884 + -22790. What is the highest common divisor of 11374 and v?
94
Suppose x - 86 = -63. Suppose -x*f - 1157 = -3733. What is the highest common divisor of 28 and f?
28
Suppose -45*a = -92*a + 34*a + 1040. Calculate the greatest common factor of a and 15.
5
Let v be (-45)/((0 + 1)/(-3)). Suppose x - 134 = 3*m - 407, 0 = -5*x - 15. Let q = v - m. Calculate the highest common factor of q and 27.
9
Let r be 27 - (17 + -54 + 19). Suppose -4*q = -53 - 191. Let z = -43 + q. What is the highest common divisor of z and r?
9
Suppose -68*p - 8 = -70*p. Let z be p/1*119/34. Calculate the highest common divisor of z and 182.
14
Let i(m) = m**3 + 2*m**2 - 1. Let s be i(4). Let h(r) = 8*r**2 - 2*r + 10. Let b = 34 - 32. Let u be h(b). What is the highest common divisor of u and s?
19
Let z = -17 - -33. Suppose 0 = -17*j + 2*j - 5415. Let c = -313 - j. Calculate the greatest common factor of c and z.
16
Suppose -87*i = -156 - 152 + 47. Calculate the highest common divisor of 420 and i.
3
Let h = 238 - 139. Let q(s) = -s**2 + s + 74. Let b be q(8). What is the greatest common divisor of b and h?
9
Let y = -161 + 194. Let h be y*(-30)/(-18) + 4. What is the highest common factor of 59 and h?
59
Suppose 2*l - 30 = -w, -l - w - w = -15. Suppose 3*d - l = 15. Suppose -3*h + d = -17. What is the greatest common divisor of 9 and h?
9
Let v be (99/(-2))/((-1)/2). Suppose -494 = -3*d + y, 40*y - 2 = 38*y. Calculate the highest common divisor of d and v.
33
Let u be 3*-3 - 4*1/(-4). Let h be 167 + u/(-32) + (-1)/4. Suppose -h*x = -170*x + 27. Calculate the highest common factor of x and 9.
9
Let s(w) = w. Let b be s(-2). Let u be 36/6*6/(-12). Let h be b/u - 228/(-36). What is the greatest common divisor of h and 28?
7
Let g(q) = q**2 - 2*q - 36. Let a be g(8). Suppose 44*h - a*h = 4032. Calculate the highest common divisor of 18 and h.
18
Let l be (-214 - -234)/((2/60)/(1/2)). Calculate the highest common divisor of 108 and l.
12
Let o be 5*((-36)/(-16) + 15/(-12)). Let h be 201/o + 92/(